{"id":124,"date":"2012-04-04T21:34:20","date_gmt":"2012-04-04T19:34:20","guid":{"rendered":"http:\/\/wind-in-den-haaren.de\/?page_id=124"},"modified":"2018-07-24T11:13:49","modified_gmt":"2018-07-24T09:13:49","slug":"kontakt","status":"publish","type":"page","link":"http:\/\/wind-in-den-haaren.de\/?page_id=124","title":{"rendered":"Kontakt und Impressum"},"content":{"rendered":"<p>Lorenz Verm\u00f6gensverwaltungsgesellschaft<br \/>\nGesch\u00e4ftsf\u00fchrer: Morten Lorenz \u2013 HRB 5666 &#8211;<br \/>\nErf\u00fcllungsort und Gerichtsstand ist L\u00fcbeck<br \/>\nSteuernummer: 22 291 2012<\/p>\n<p>Familie Lorenz<br \/>\nHumboldtstra\u00dfe 7<br \/>\n23564 L\u00fcbeck<\/p>\n<p>Tel. 0451\/7072888<br \/>\nFax 0451\/7072808<\/p>\n<p>Email: info@wind-in-den-haaren.de<\/p>\n<p>Wir freuen uns auf Ihre Anfragen!<\/p>\n<p>[contact-form-7 id=&#8220;122&#8243; title=&#8220;Kontaktformular 1&#8243;]<\/p>\n<p><a href=\"http:\/\/wind-in-den-haaren.de\/wp-content\/uploads\/2018\/07\/02_UPLOAD_IMG_7426.jpg\"><img loading=\"lazy\" decoding=\"async\" class=\"aligncenter size-large wp-image-1059\" src=\"http:\/\/wind-in-den-haaren.de\/wp-content\/uploads\/2018\/07\/02_UPLOAD_IMG_7426-1024x682.jpg\" alt=\"\" width=\"590\" height=\"393\" srcset=\"http:\/\/wind-in-den-haaren.de\/wp-content\/uploads\/2018\/07\/02_UPLOAD_IMG_7426-1024x682.jpg 1024w, http:\/\/wind-in-den-haaren.de\/wp-content\/uploads\/2018\/07\/02_UPLOAD_IMG_7426-300x200.jpg 300w, http:\/\/wind-in-den-haaren.de\/wp-content\/uploads\/2018\/07\/02_UPLOAD_IMG_7426-768x512.jpg 768w, http:\/\/wind-in-den-haaren.de\/wp-content\/uploads\/2018\/07\/02_UPLOAD_IMG_7426.jpg 1106w\" sizes=\"auto, (max-width: 590px) 100vw, 590px\" \/><\/a><\/p>\n<p>&nbsp;<\/p>\n","protected":false},"excerpt":{"rendered":"<p>Lorenz Verm\u00f6gensverwaltungsgesellschaft Gesch\u00e4ftsf\u00fchrer: Morten Lorenz \u2013 HRB 5666 &#8211; Erf\u00fcllungsort und Gerichtsstand ist L\u00fcbeck Steuernummer: 22 291 2012 Familie Lorenz Humboldtstra\u00dfe 7 23564 L\u00fcbeck Tel. 0451\/7072888 Fax 0451\/7072808 Email: info@wind-in-den-haaren.de Wir freuen uns auf Ihre Anfragen! [contact-form-7 id=&#8220;122&#8243; title=&#8220;Kontaktformular 1&#8243;] &nbsp;<\/p>\n","protected":false},"author":1,"featured_media":0,"parent":0,"menu_order":4,"comment_status":"closed","ping_status":"closed","template":"","meta":{"footnotes":""},"class_list":["post-124","page","type-page","status-publish","hentry"],"_links":{"self":[{"href":"http:\/\/wind-in-den-haaren.de\/index.php?rest_route=\/wp\/v2\/pages\/124","targetHints":{"allow":["GET"]}}],"collection":[{"href":"http:\/\/wind-in-den-haaren.de\/index.php?rest_route=\/wp\/v2\/pages"}],"about":[{"href":"http:\/\/wind-in-den-haaren.de\/index.php?rest_route=\/wp\/v2\/types\/page"}],"author":[{"embeddable":true,"href":"http:\/\/wind-in-den-haaren.de\/index.php?rest_route=\/wp\/v2\/users\/1"}],"replies":[{"embeddable":true,"href":"http:\/\/wind-in-den-haaren.de\/index.php?rest_route=%2Fwp%2Fv2%2Fcomments&post=124"}],"version-history":[{"count":13,"href":"http:\/\/wind-in-den-haaren.de\/index.php?rest_route=\/wp\/v2\/pages\/124\/revisions"}],"predecessor-version":[{"id":1077,"href":"http:\/\/wind-in-den-haaren.de\/index.php?rest_route=\/wp\/v2\/pages\/124\/revisions\/1077"}],"wp:attachment":[{"href":"http:\/\/wind-in-den-haaren.de\/index.php?rest_route=%2Fwp%2Fv2%2Fmedia&parent=124"}],"curies":[{"name":"wp","href":"https:\/\/api.w.org\/{rel}","templated":true}]}}

<p>Lorenz Vermögensverwaltungsgesellschaft<br />
Geschäftsführer: Morten Lorenz – HRB 5666 &#8211;<br />
Erfüllungsort und Gerichtsstand ist Lübeck<br />
Steuernummer: 22 291 2012</p>
<p>Familie Lorenz<br />
Humboldtstraße 7<br />
23564 Lübeck</p>
<p>Tel. 0451/7072888<br />
Fax 0451/7072808</p>
<p>Email: info@wind-in-den-haaren.de</p>
<p>Wir freuen uns auf Ihre Anfragen!</p>
<p>[contact-form-7 id=&#8220;122&#8243; title=&#8220;Kontaktformular 1&#8243;]</p>
<p><a href="http://wind-in-den-haaren.de/wp-content/uploads/2018/07/02_UPLOAD_IMG_7426.jpg"><img loading="lazy" decoding="async" class="aligncenter size-large wp-image-1059" src="http://wind-in-den-haaren.de/wp-content/uploads/2018/07/02_UPLOAD_IMG_7426-1024x682.jpg" alt="" width="590" height="393" srcset="http://wind-in-den-haaren.de/wp-content/uploads/2018/07/02_UPLOAD_IMG_7426-1024x682.jpg 1024w, http://wind-in-den-haaren.de/wp-content/uploads/2018/07/02_UPLOAD_IMG_7426-300x200.jpg 300w, http://wind-in-den-haaren.de/wp-content/uploads/2018/07/02_UPLOAD_IMG_7426-768x512.jpg 768w, http://wind-in-den-haaren.de/wp-content/uploads/2018/07/02_UPLOAD_IMG_7426.jpg 1106w" sizes="auto, (max-width: 590px) 100vw, 590px" /></a></p>
<p>&nbsp;</p>

<p>Lorenz Vermögensverwaltungsgesellschaft Geschäftsführer: Morten Lorenz – HRB 5666 &#8211; Erfüllungsort und Gerichtsstand ist Lübeck Steuernummer: 22 291 2012 Familie Lorenz Humboldtstraße 7 23564 Lübeck Tel. 0451/7072888 Fax 0451/7072808 Email: info@wind-in-den-haaren.de Wir freuen uns auf Ihre Anfragen! [contact-form-7 id=&#8220;122&#8243; title=&#8220;Kontaktformular 1&#8243;] &nbsp;</p>
