{"id":135,"date":"2012-04-04T21:40:47","date_gmt":"2012-04-04T19:40:47","guid":{"rendered":"http:\/\/wind-in-den-haaren.de\/?page_id=135"},"modified":"2018-07-19T12:38:19","modified_gmt":"2018-07-19T10:38:19","slug":"uber-uns","status":"publish","type":"page","link":"http:\/\/wind-in-den-haaren.de\/?page_id=135","title":{"rendered":"\u00dcber uns"},"content":{"rendered":"<table style=\"height: 464px;\" width=\"189\">\n<tbody>\n<tr>\n<td width=\"535\"><span style=\"color: #000000;\">Wir haben unser Projekt \u201eWind-in-den-Haaren &#8211; Ferienwohnungen in L\u00fcbeck\u201c 2012 ins Leben gerufen.<\/span><\/p>\n<pre><span style=\"color: #000000;\">Als Reisebegeisterte haben wir uns schon von vielen verschiedenen Unterk\u00fcnften<\/span>\r\n<span style=\"color: #000000;\">inspirieren lassen. Da wir selbst auch in dem Haus in der Humboldtstra\u00dfe wohnen, \r\nsind wir unkompliziert erreichbar.<\/span><\/pre>\n<p><span style=\"color: #000000;\">Wir geben auch gerne Urlaubstipps:<\/span><\/p>\n<pre>Wo kann man gut und nobel oder gut und g\u00fcnstig essen?\r\nWo kann man sich abends am\u00fcsieren?\r\nWo kann man sich am besten den Ostseewind um die Nase wehen lassen?<\/pre>\n<pre><span style=\"color: #000000;\">Unser Ziel ist es, dass Sie bei Ihrer Abreise rundum zufrieden sind.\u00a0<\/span>\r\n<span style=\"color: #000000;\">Wir sind dankbar \u00fcber Anregungen, wie wir ihren Wohlf\u00fchlfaktor noch steigern k\u00f6nnen. <\/span>\r\n<span style=\"color: #000000;\">Sprechen Sie pers\u00f6nlich mit uns, schicken Sie uns eine mail oder verwenden Sie\r\ndie Kommentarfunktion unserer Homepage.<\/span><\/pre>\n<p><span style=\"color: #000000;\">Stefanie und Morten Lorenz<\/span><\/p>\n<p><a href=\"http:\/\/wind-in-den-haaren.de\/wp-content\/uploads\/2018\/07\/01_UPLOAD_IMG_7447.jpg\"><img loading=\"lazy\" decoding=\"async\" class=\"aligncenter size-large wp-image-1057\" src=\"http:\/\/wind-in-den-haaren.de\/wp-content\/uploads\/2018\/07\/01_UPLOAD_IMG_7447-1024x682.jpg\" alt=\"\" width=\"590\" height=\"393\" srcset=\"http:\/\/wind-in-den-haaren.de\/wp-content\/uploads\/2018\/07\/01_UPLOAD_IMG_7447-1024x682.jpg 1024w, http:\/\/wind-in-den-haaren.de\/wp-content\/uploads\/2018\/07\/01_UPLOAD_IMG_7447-300x200.jpg 300w, http:\/\/wind-in-den-haaren.de\/wp-content\/uploads\/2018\/07\/01_UPLOAD_IMG_7447-768x512.jpg 768w, http:\/\/wind-in-den-haaren.de\/wp-content\/uploads\/2018\/07\/01_UPLOAD_IMG_7447.jpg 1106w\" sizes=\"auto, (max-width: 590px) 100vw, 590px\" \/><\/a><\/td>\n<\/tr>\n<\/tbody>\n<\/table>\n<p>&nbsp;<\/p>\n<p>&nbsp;<\/p>\n<p>&nbsp;<\/p>\n<p>&nbsp;<\/p>\n<p>&nbsp;<\/p>\n<p>&nbsp;<\/p>\n<p>&nbsp;<\/p>\n<p>&nbsp;<\/p>\n<p>&nbsp;<\/p>\n<p>&nbsp;<\/p>\n<p>&nbsp;<\/p>\n<p>&nbsp;<\/p>\n<p>&nbsp;<\/p>\n<p>&nbsp;<\/p>\n<p>&nbsp;<\/p>\n<p>&nbsp;<\/p>\n<p>&nbsp;<\/p>\n<p><a id=\"post-preview\" class=\"preview button\" href=\"http:\/\/wind-in-den-haaren.de\/?page_id=135&amp;preview=true\" target=\"wp-preview-135\">Vorschau der \u00c4nderungen<span class=\"screen-reader-text\"> (Link \u00f6ffnet in neuem Tab\/Fenster)<\/span><\/a><\/p>\n","protected":false},"excerpt":{"rendered":"<p>Wir haben unser Projekt \u201eWind-in-den-Haaren &#8211; Ferienwohnungen in L\u00fcbeck\u201c 2012 ins Leben gerufen. Als Reisebegeisterte haben wir uns schon von vielen verschiedenen Unterk\u00fcnften inspirieren lassen. Da wir selbst auch in dem Haus in der Humboldtstra\u00dfe wohnen, sind wir unkompliziert erreichbar. Wir geben auch gerne Urlaubstipps: Wo kann man gut und nobel oder gut und g\u00fcnstig essen? Wo kann man sich abends am\u00fcsieren? Wo kann man sich am besten den Ostseewind um die Nase wehen lassen? Unser Ziel ist es, dass [&hellip;]<\/p>\n","protected":false},"author":1,"featured_media":0,"parent":0,"menu_order":3,"comment_status":"closed","ping_status":"closed","template":"","meta":{"footnotes":""},"class_list":["post-135","page","type-page","status-publish","hentry"],"_links":{"self":[{"href":"http:\/\/wind-in-den-haaren.de\/index.php?rest_route=\/wp\/v2\/pages\/135","targetHints":{"allow":["GET"]}}],"collection":[{"href":"http:\/\/wind-in-den-haaren.de\/index.php?rest_route=\/wp\/v2\/pages"}],"about":[{"href":"http:\/\/wind-in-den-haaren.de\/index.php?rest_route=\/wp\/v2\/types\/page"}],"author":[{"embeddable":true,"href":"http:\/\/wind-in-den-haaren.de\/index.php?rest_route=\/wp\/v2\/users\/1"}],"replies":[{"embeddable":true,"href":"http:\/\/wind-in-den-haaren.de\/index.php?rest_route=%2Fwp%2Fv2%2Fcomments&post=135"}],"version-history":[{"count":27,"href":"http:\/\/wind-in-den-haaren.de\/index.php?rest_route=\/wp\/v2\/pages\/135\/revisions"}],"predecessor-version":[{"id":1075,"href":"http:\/\/wind-in-den-haaren.de\/index.php?rest_route=\/wp\/v2\/pages\/135\/revisions\/1075"}],"wp:attachment":[{"href":"http:\/\/wind-in-den-haaren.de\/index.php?rest_route=%2Fwp%2Fv2%2Fmedia&parent=135"}],"curies":[{"name":"wp","href":"https:\/\/api.w.org\/{rel}","templated":true}]}}

Über uns

<table style="height: 464px;" width="189">
<tbody>
<tr>
<td width="535"><span style="color: #000000;">Wir haben unser Projekt „Wind-in-den-Haaren &#8211; Ferienwohnungen in Lübeck“ 2012 ins Leben gerufen.</span></p>
<pre><span style="color: #000000;">Als Reisebegeisterte haben wir uns schon von vielen verschiedenen Unterkünften</span>
<span style="color: #000000;">inspirieren lassen. Da wir selbst auch in dem Haus in der Humboldtstraße wohnen, 
sind wir unkompliziert erreichbar.</span></pre>
<p><span style="color: #000000;">Wir geben auch gerne Urlaubstipps:</span></p>
<pre>Wo kann man gut und nobel oder gut und günstig essen?
Wo kann man sich abends amüsieren?
Wo kann man sich am besten den Ostseewind um die Nase wehen lassen?</pre>
<pre><span style="color: #000000;">Unser Ziel ist es, dass Sie bei Ihrer Abreise rundum zufrieden sind. </span>
<span style="color: #000000;">Wir sind dankbar über Anregungen, wie wir ihren Wohlfühlfaktor noch steigern können. </span>
<span style="color: #000000;">Sprechen Sie persönlich mit uns, schicken Sie uns eine mail oder verwenden Sie
die Kommentarfunktion unserer Homepage.</span></pre>
<p><span style="color: #000000;">Stefanie und Morten Lorenz</span></p>
<p><a href="http://wind-in-den-haaren.de/wp-content/uploads/2018/07/01_UPLOAD_IMG_7447.jpg"><img loading="lazy" decoding="async" class="aligncenter size-large wp-image-1057" src="http://wind-in-den-haaren.de/wp-content/uploads/2018/07/01_UPLOAD_IMG_7447-1024x682.jpg" alt="" width="590" height="393" srcset="http://wind-in-den-haaren.de/wp-content/uploads/2018/07/01_UPLOAD_IMG_7447-1024x682.jpg 1024w, http://wind-in-den-haaren.de/wp-content/uploads/2018/07/01_UPLOAD_IMG_7447-300x200.jpg 300w, http://wind-in-den-haaren.de/wp-content/uploads/2018/07/01_UPLOAD_IMG_7447-768x512.jpg 768w, http://wind-in-den-haaren.de/wp-content/uploads/2018/07/01_UPLOAD_IMG_7447.jpg 1106w" sizes="auto, (max-width: 590px) 100vw, 590px" /></a></td>
</tr>
</tbody>
</table>
<p>&nbsp;</p>
<p>&nbsp;</p>
<p>&nbsp;</p>
<p>&nbsp;</p>
<p>&nbsp;</p>
<p>&nbsp;</p>
<p>&nbsp;</p>
<p>&nbsp;</p>
<p>&nbsp;</p>
<p>&nbsp;</p>
<p>&nbsp;</p>
<p>&nbsp;</p>
<p>&nbsp;</p>
<p>&nbsp;</p>
<p>&nbsp;</p>
<p>&nbsp;</p>
<p>&nbsp;</p>
<p><a id="post-preview" class="preview button" href="http://wind-in-den-haaren.de/?page_id=135&amp;preview=true" target="wp-preview-135">Vorschau der Änderungen<span class="screen-reader-text"> (Link öffnet in neuem Tab/Fenster)</span></a></p>

<p>Wir haben unser Projekt „Wind-in-den-Haaren &#8211; Ferienwohnungen in Lübeck“ 2012 ins Leben gerufen. Als Reisebegeisterte haben wir uns schon von vielen verschiedenen Unterkünften inspirieren lassen. Da wir selbst auch in dem Haus in der Humboldtstraße wohnen, sind wir unkompliziert erreichbar. Wir geben auch gerne Urlaubstipps: Wo kann man gut und nobel oder gut und günstig essen? Wo kann man sich abends amüsieren? Wo kann man sich am besten den Ostseewind um die Nase wehen lassen? Unser Ziel ist es, dass [&hellip;]</p>
