{"id":231,"date":"2012-04-07T22:57:47","date_gmt":"2012-04-07T20:57:47","guid":{"rendered":"http:\/\/wind-in-den-haaren.de\/?page_id=231"},"modified":"2018-05-04T11:20:46","modified_gmt":"2018-05-04T09:20:46","slug":"wind-in-den-haaren-2","status":"publish","type":"page","link":"http:\/\/wind-in-den-haaren.de\/?page_id=231","title":{"rendered":"Wind"},"content":{"rendered":"<pre>Der frische Ostseewind, der die Haare verweht, \r\nhat uns zu unserem Namen \"wind-in-den-haaren\" inspiriert.\r\n\r\n<\/pre>\n<p><a href=\"http:\/\/wind-in-den-haaren.de\/wp-content\/uploads\/2012\/04\/wind-in-den-haaren.jpg\"><img loading=\"lazy\" decoding=\"async\" class=\"alignleft size-medium wp-image-236\" title=\"wind-in-den-haaren\" src=\"http:\/\/wind-in-den-haaren.de\/wp-content\/uploads\/2012\/04\/wind-in-den-haaren-300x174.jpg\" alt=\"\" width=\"300\" height=\"174\" srcset=\"http:\/\/wind-in-den-haaren.de\/wp-content\/uploads\/2012\/04\/wind-in-den-haaren-300x174.jpg 300w, http:\/\/wind-in-den-haaren.de\/wp-content\/uploads\/2012\/04\/wind-in-den-haaren-1024x596.jpg 1024w, http:\/\/wind-in-den-haaren.de\/wp-content\/uploads\/2012\/04\/wind-in-den-haaren.jpg 1752w\" sizes=\"auto, (max-width: 300px) 100vw, 300px\" \/><\/a><\/p>\n<p>&nbsp;<\/p>\n<p>&nbsp;<\/p>\n<p>&nbsp;<\/p>\n<p>&nbsp;<\/p>\n<p>&nbsp;<\/p>\n<p><a href=\"http:\/\/wind-in-den-haaren.de\/wp-content\/uploads\/2012\/04\/morti.jpg\"><img loading=\"lazy\" decoding=\"async\" class=\"alignleft size-medium wp-image-144\" title=\"Morten im Ostseewind \" src=\"http:\/\/wind-in-den-haaren.de\/wp-content\/uploads\/2012\/04\/morti-300x225.jpg\" alt=\"\" width=\"300\" height=\"225\" srcset=\"http:\/\/wind-in-den-haaren.de\/wp-content\/uploads\/2012\/04\/morti-300x225.jpg 300w, http:\/\/wind-in-den-haaren.de\/wp-content\/uploads\/2012\/04\/morti-1024x768.jpg 1024w\" sizes=\"auto, (max-width: 300px) 100vw, 300px\" \/><\/a><\/p>\n<p>&nbsp;<\/p>\n<h1><\/h1>\n<p>&nbsp;<\/p>\n<p>&nbsp;<\/p>\n<p>&nbsp;<\/p>\n<p>&nbsp;<\/p>\n<p>&nbsp;<\/p>\n<p>&nbsp;<\/p>\n<h1><\/h1>\n<h1>Meer<\/h1>\n<p>Wenn man ans Meer kommt<br \/>\nsoll man zu schweigen beginnen<br \/>\nbei den letzten Grashalmen<br \/>\nsoll man den Faden verlieren<\/p>\n<p>und den Salzschaum<br \/>\nund das scharfe Zischen des Windes einatmen<br \/>\nund ausatmen<br \/>\nund wieder einatmen<\/p>\n<p>Wenn man den Sand s\u00e4gen h\u00f6rt<br \/>\nund das Schlurfen der kleinen Steine<br \/>\nin langen Wellen<br \/>\nsoll man aufh\u00f6ren zu sollen<br \/>\nund nichts mehr wollen wollen nur Meer<br \/>\nNur Meer<\/p>\n<p>von Erich Fried<\/p>\n<p><a href=\"http:\/\/wind-in-den-haaren.de\/wp-content\/uploads\/2012\/04\/Boote-Gem%C3%A4lde.jpg\"><img loading=\"lazy\" decoding=\"async\" class=\"alignleft size-medium wp-image-245\" title=\"Boote Gem\u00e4lde\" src=\"http:\/\/wind-in-den-haaren.de\/wp-content\/uploads\/2012\/04\/Boote-Gem%C3%A4lde-300x225.jpg\" alt=\"\" width=\"300\" height=\"225\" \/><\/a><\/p>\n","protected":false},"excerpt":{"rendered":"<p>Der frische Ostseewind, der die Haare verweht, hat uns zu unserem Namen &#8222;wind-in-den-haaren&#8220; inspiriert. &nbsp; &nbsp; &nbsp; &nbsp; &nbsp; &nbsp; &nbsp; &nbsp; &nbsp; &nbsp; &nbsp; &nbsp; Meer Wenn man ans Meer kommt soll man zu schweigen beginnen bei den letzten Grashalmen soll man den Faden verlieren und den Salzschaum und das scharfe Zischen des Windes einatmen und ausatmen und wieder einatmen Wenn man den Sand s\u00e4gen h\u00f6rt und das Schlurfen der kleinen Steine in langen Wellen soll man aufh\u00f6ren zu [&hellip;]<\/p>\n","protected":false},"author":2,"featured_media":0,"parent":0,"menu_order":3,"comment_status":"closed","ping_status":"closed","template":"","meta":{"footnotes":""},"class_list":["post-231","page","type-page","status-publish","hentry"],"_links":{"self":[{"href":"http:\/\/wind-in-den-haaren.de\/index.php?rest_route=\/wp\/v2\/pages\/231","targetHints":{"allow":["GET"]}}],"collection":[{"href":"http:\/\/wind-in-den-haaren.de\/index.php?rest_route=\/wp\/v2\/pages"}],"about":[{"href":"http:\/\/wind-in-den-haaren.de\/index.php?rest_route=\/wp\/v2\/types\/page"}],"author":[{"embeddable":true,"href":"http:\/\/wind-in-den-haaren.de\/index.php?rest_route=\/wp\/v2\/users\/2"}],"replies":[{"embeddable":true,"href":"http:\/\/wind-in-den-haaren.de\/index.php?rest_route=%2Fwp%2Fv2%2Fcomments&post=231"}],"version-history":[{"count":10,"href":"http:\/\/wind-in-den-haaren.de\/index.php?rest_route=\/wp\/v2\/pages\/231\/revisions"}],"predecessor-version":[{"id":812,"href":"http:\/\/wind-in-den-haaren.de\/index.php?rest_route=\/wp\/v2\/pages\/231\/revisions\/812"}],"wp:attachment":[{"href":"http:\/\/wind-in-den-haaren.de\/index.php?rest_route=%2Fwp%2Fv2%2Fmedia&parent=231"}],"curies":[{"name":"wp","href":"https:\/\/api.w.org\/{rel}","templated":true}]}}

<pre>Der frische Ostseewind, der die Haare verweht, 
hat uns zu unserem Namen "wind-in-den-haaren" inspiriert.

</pre>
<p><a href="http://wind-in-den-haaren.de/wp-content/uploads/2012/04/wind-in-den-haaren.jpg"><img loading="lazy" decoding="async" class="alignleft size-medium wp-image-236" title="wind-in-den-haaren" src="http://wind-in-den-haaren.de/wp-content/uploads/2012/04/wind-in-den-haaren-300x174.jpg" alt="" width="300" height="174" srcset="http://wind-in-den-haaren.de/wp-content/uploads/2012/04/wind-in-den-haaren-300x174.jpg 300w, http://wind-in-den-haaren.de/wp-content/uploads/2012/04/wind-in-den-haaren-1024x596.jpg 1024w, http://wind-in-den-haaren.de/wp-content/uploads/2012/04/wind-in-den-haaren.jpg 1752w" sizes="auto, (max-width: 300px) 100vw, 300px" /></a></p>
<p>&nbsp;</p>
<p>&nbsp;</p>
<p>&nbsp;</p>
<p>&nbsp;</p>
<p>&nbsp;</p>
<p><a href="http://wind-in-den-haaren.de/wp-content/uploads/2012/04/morti.jpg"><img loading="lazy" decoding="async" class="alignleft size-medium wp-image-144" title="Morten im Ostseewind " src="http://wind-in-den-haaren.de/wp-content/uploads/2012/04/morti-300x225.jpg" alt="" width="300" height="225" srcset="http://wind-in-den-haaren.de/wp-content/uploads/2012/04/morti-300x225.jpg 300w, http://wind-in-den-haaren.de/wp-content/uploads/2012/04/morti-1024x768.jpg 1024w" sizes="auto, (max-width: 300px) 100vw, 300px" /></a></p>
<p>&nbsp;</p>
<h1></h1>
<p>&nbsp;</p>
<p>&nbsp;</p>
<p>&nbsp;</p>
<p>&nbsp;</p>
<p>&nbsp;</p>
<p>&nbsp;</p>
<h1></h1>
<h1>Meer</h1>
<p>Wenn man ans Meer kommt<br />
soll man zu schweigen beginnen<br />
bei den letzten Grashalmen<br />
soll man den Faden verlieren</p>
<p>und den Salzschaum<br />
und das scharfe Zischen des Windes einatmen<br />
und ausatmen<br />
und wieder einatmen</p>
<p>Wenn man den Sand sägen hört<br />
und das Schlurfen der kleinen Steine<br />
in langen Wellen<br />
soll man aufhören zu sollen<br />
und nichts mehr wollen wollen nur Meer<br />
Nur Meer</p>
<p>von Erich Fried</p>
<p><a href="http://wind-in-den-haaren.de/wp-content/uploads/2012/04/Boote-Gem%C3%A4lde.jpg"><img loading="lazy" decoding="async" class="alignleft size-medium wp-image-245" title="Boote Gemälde" src="http://wind-in-den-haaren.de/wp-content/uploads/2012/04/Boote-Gem%C3%A4lde-300x225.jpg" alt="" width="300" height="225" /></a></p>

<p>Der frische Ostseewind, der die Haare verweht, hat uns zu unserem Namen &#8222;wind-in-den-haaren&#8220; inspiriert. &nbsp; &nbsp; &nbsp; &nbsp; &nbsp; &nbsp; &nbsp; &nbsp; &nbsp; &nbsp; &nbsp; &nbsp; Meer Wenn man ans Meer kommt soll man zu schweigen beginnen bei den letzten Grashalmen soll man den Faden verlieren und den Salzschaum und das scharfe Zischen des Windes einatmen und ausatmen und wieder einatmen Wenn man den Sand sägen hört und das Schlurfen der kleinen Steine in langen Wellen soll man aufhören zu [&hellip;]</p>
