{"id":283,"date":"2012-04-15T21:58:20","date_gmt":"2012-04-15T19:58:20","guid":{"rendered":"http:\/\/wind-in-den-haaren.de\/?page_id=283"},"modified":"2018-07-12T23:14:07","modified_gmt":"2018-07-12T21:14:07","slug":"nachbarn-aufgepasst","status":"publish","type":"page","link":"http:\/\/wind-in-den-haaren.de\/?page_id=283","title":{"rendered":"Rabatt f\u00fcr unsere Nachbarn"},"content":{"rendered":"<p>Liebe Nachbarn mit unserer <span style=\"color: #000000;\"><strong>Postleitzahl 23564<\/strong><\/span>,<\/p>\n<p>Sie haben Freunde, Bekannte, Eltern oder Partyg\u00e4ste von au\u00dferhalb eingeladen und m\u00f6chten ihnen eine Unterkunft in privater Atmosph\u00e4re zur Verf\u00fcgung stellen? Wir gew\u00e4hren Ihnen <span style=\"color: #000000;\"><strong>10% Rabatt<\/strong><\/span> auf den \u00dcbernachtungspreis.<\/p>\n<p>&#8222;Auf gute Nachbarschaft&#8220; &#8211; Wir freuen uns auf Ihre Anfrage!<\/p>\n<p><a href=\"http:\/\/wind-in-den-haaren.de\/wp-content\/uploads\/2018\/07\/01_UPLOAD_IMG_7411.jpg\"><img loading=\"lazy\" decoding=\"async\" class=\"aligncenter size-large wp-image-1055\" src=\"http:\/\/wind-in-den-haaren.de\/wp-content\/uploads\/2018\/07\/01_UPLOAD_IMG_7411-1024x682.jpg\" alt=\"\" width=\"590\" height=\"393\" srcset=\"http:\/\/wind-in-den-haaren.de\/wp-content\/uploads\/2018\/07\/01_UPLOAD_IMG_7411-1024x682.jpg 1024w, http:\/\/wind-in-den-haaren.de\/wp-content\/uploads\/2018\/07\/01_UPLOAD_IMG_7411-300x200.jpg 300w, http:\/\/wind-in-den-haaren.de\/wp-content\/uploads\/2018\/07\/01_UPLOAD_IMG_7411-768x512.jpg 768w, http:\/\/wind-in-den-haaren.de\/wp-content\/uploads\/2018\/07\/01_UPLOAD_IMG_7411.jpg 1106w\" sizes=\"auto, (max-width: 590px) 100vw, 590px\" \/><\/a><\/p>\n<p><span style=\"color: #ff0000;\"><strong><a href=\"http:\/\/wind-in-den-haaren.de\/wp-content\/uploads\/2018\/07\/01_UPLOAD_RABATT_NACHBARN_IMG_6883.jpg\"><img loading=\"lazy\" decoding=\"async\" class=\"aligncenter size-large wp-image-1017\" src=\"http:\/\/wind-in-den-haaren.de\/wp-content\/uploads\/2018\/07\/01_UPLOAD_RABATT_NACHBARN_IMG_6883-1024x682.jpg\" alt=\"\" width=\"590\" height=\"393\" srcset=\"http:\/\/wind-in-den-haaren.de\/wp-content\/uploads\/2018\/07\/01_UPLOAD_RABATT_NACHBARN_IMG_6883-1024x682.jpg 1024w, http:\/\/wind-in-den-haaren.de\/wp-content\/uploads\/2018\/07\/01_UPLOAD_RABATT_NACHBARN_IMG_6883-300x200.jpg 300w, http:\/\/wind-in-den-haaren.de\/wp-content\/uploads\/2018\/07\/01_UPLOAD_RABATT_NACHBARN_IMG_6883-768x512.jpg 768w, http:\/\/wind-in-den-haaren.de\/wp-content\/uploads\/2018\/07\/01_UPLOAD_RABATT_NACHBARN_IMG_6883.jpg 1106w\" sizes=\"auto, (max-width: 590px) 100vw, 590px\" \/><\/a><a href=\"http:\/\/wind-in-den-haaren.de\/wp-content\/uploads\/2018\/07\/02_UPLOAD_RABATT_NACHBARN_IMG_6838.jpg\"><img loading=\"lazy\" decoding=\"async\" class=\"aligncenter size-large wp-image-1018\" src=\"http:\/\/wind-in-den-haaren.de\/wp-content\/uploads\/2018\/07\/02_UPLOAD_RABATT_NACHBARN_IMG_6838-1024x682.jpg\" alt=\"\" width=\"590\" height=\"393\" srcset=\"http:\/\/wind-in-den-haaren.de\/wp-content\/uploads\/2018\/07\/02_UPLOAD_RABATT_NACHBARN_IMG_6838-1024x682.jpg 1024w, http:\/\/wind-in-den-haaren.de\/wp-content\/uploads\/2018\/07\/02_UPLOAD_RABATT_NACHBARN_IMG_6838-300x200.jpg 300w, http:\/\/wind-in-den-haaren.de\/wp-content\/uploads\/2018\/07\/02_UPLOAD_RABATT_NACHBARN_IMG_6838-768x512.jpg 768w, http:\/\/wind-in-den-haaren.de\/wp-content\/uploads\/2018\/07\/02_UPLOAD_RABATT_NACHBARN_IMG_6838.jpg 1106w\" sizes=\"auto, (max-width: 590px) 100vw, 590px\" \/><\/a><\/strong><\/span><\/p>\n<p>&nbsp;<\/p>\n","protected":false},"excerpt":{"rendered":"<p>Liebe Nachbarn mit unserer Postleitzahl 23564, Sie haben Freunde, Bekannte, Eltern oder Partyg\u00e4ste von au\u00dferhalb eingeladen und m\u00f6chten ihnen eine Unterkunft in privater Atmosph\u00e4re zur Verf\u00fcgung stellen? Wir gew\u00e4hren Ihnen 10% Rabatt auf den \u00dcbernachtungspreis. &#8222;Auf gute Nachbarschaft&#8220; &#8211; Wir freuen uns auf Ihre Anfrage! &nbsp;<\/p>\n","protected":false},"author":2,"featured_media":0,"parent":87,"menu_order":9,"comment_status":"closed","ping_status":"closed","template":"","meta":{"footnotes":""},"class_list":["post-283","page","type-page","status-publish","hentry"],"_links":{"self":[{"href":"http:\/\/wind-in-den-haaren.de\/index.php?rest_route=\/wp\/v2\/pages\/283","targetHints":{"allow":["GET"]}}],"collection":[{"href":"http:\/\/wind-in-den-haaren.de\/index.php?rest_route=\/wp\/v2\/pages"}],"about":[{"href":"http:\/\/wind-in-den-haaren.de\/index.php?rest_route=\/wp\/v2\/types\/page"}],"author":[{"embeddable":true,"href":"http:\/\/wind-in-den-haaren.de\/index.php?rest_route=\/wp\/v2\/users\/2"}],"replies":[{"embeddable":true,"href":"http:\/\/wind-in-den-haaren.de\/index.php?rest_route=%2Fwp%2Fv2%2Fcomments&post=283"}],"version-history":[{"count":15,"href":"http:\/\/wind-in-den-haaren.de\/index.php?rest_route=\/wp\/v2\/pages\/283\/revisions"}],"predecessor-version":[{"id":289,"href":"http:\/\/wind-in-den-haaren.de\/index.php?rest_route=\/wp\/v2\/pages\/283\/revisions\/289"}],"up":[{"embeddable":true,"href":"http:\/\/wind-in-den-haaren.de\/index.php?rest_route=\/wp\/v2\/pages\/87"}],"wp:attachment":[{"href":"http:\/\/wind-in-den-haaren.de\/index.php?rest_route=%2Fwp%2Fv2%2Fmedia&parent=283"}],"curies":[{"name":"wp","href":"https:\/\/api.w.org\/{rel}","templated":true}]}}

Rabatt für unsere Nachbarn

<p>Liebe Nachbarn mit unserer <span style="color: #000000;"><strong>Postleitzahl 23564</strong></span>,</p>
<p>Sie haben Freunde, Bekannte, Eltern oder Partygäste von außerhalb eingeladen und möchten ihnen eine Unterkunft in privater Atmosphäre zur Verfügung stellen? Wir gewähren Ihnen <span style="color: #000000;"><strong>10% Rabatt</strong></span> auf den Übernachtungspreis.</p>
<p>&#8222;Auf gute Nachbarschaft&#8220; &#8211; Wir freuen uns auf Ihre Anfrage!</p>
<p><a href="http://wind-in-den-haaren.de/wp-content/uploads/2018/07/01_UPLOAD_IMG_7411.jpg"><img loading="lazy" decoding="async" class="aligncenter size-large wp-image-1055" src="http://wind-in-den-haaren.de/wp-content/uploads/2018/07/01_UPLOAD_IMG_7411-1024x682.jpg" alt="" width="590" height="393" srcset="http://wind-in-den-haaren.de/wp-content/uploads/2018/07/01_UPLOAD_IMG_7411-1024x682.jpg 1024w, http://wind-in-den-haaren.de/wp-content/uploads/2018/07/01_UPLOAD_IMG_7411-300x200.jpg 300w, http://wind-in-den-haaren.de/wp-content/uploads/2018/07/01_UPLOAD_IMG_7411-768x512.jpg 768w, http://wind-in-den-haaren.de/wp-content/uploads/2018/07/01_UPLOAD_IMG_7411.jpg 1106w" sizes="auto, (max-width: 590px) 100vw, 590px" /></a></p>
<p><span style="color: #ff0000;"><strong><a href="http://wind-in-den-haaren.de/wp-content/uploads/2018/07/01_UPLOAD_RABATT_NACHBARN_IMG_6883.jpg"><img loading="lazy" decoding="async" class="aligncenter size-large wp-image-1017" src="http://wind-in-den-haaren.de/wp-content/uploads/2018/07/01_UPLOAD_RABATT_NACHBARN_IMG_6883-1024x682.jpg" alt="" width="590" height="393" srcset="http://wind-in-den-haaren.de/wp-content/uploads/2018/07/01_UPLOAD_RABATT_NACHBARN_IMG_6883-1024x682.jpg 1024w, http://wind-in-den-haaren.de/wp-content/uploads/2018/07/01_UPLOAD_RABATT_NACHBARN_IMG_6883-300x200.jpg 300w, http://wind-in-den-haaren.de/wp-content/uploads/2018/07/01_UPLOAD_RABATT_NACHBARN_IMG_6883-768x512.jpg 768w, http://wind-in-den-haaren.de/wp-content/uploads/2018/07/01_UPLOAD_RABATT_NACHBARN_IMG_6883.jpg 1106w" sizes="auto, (max-width: 590px) 100vw, 590px" /></a><a href="http://wind-in-den-haaren.de/wp-content/uploads/2018/07/02_UPLOAD_RABATT_NACHBARN_IMG_6838.jpg"><img loading="lazy" decoding="async" class="aligncenter size-large wp-image-1018" src="http://wind-in-den-haaren.de/wp-content/uploads/2018/07/02_UPLOAD_RABATT_NACHBARN_IMG_6838-1024x682.jpg" alt="" width="590" height="393" srcset="http://wind-in-den-haaren.de/wp-content/uploads/2018/07/02_UPLOAD_RABATT_NACHBARN_IMG_6838-1024x682.jpg 1024w, http://wind-in-den-haaren.de/wp-content/uploads/2018/07/02_UPLOAD_RABATT_NACHBARN_IMG_6838-300x200.jpg 300w, http://wind-in-den-haaren.de/wp-content/uploads/2018/07/02_UPLOAD_RABATT_NACHBARN_IMG_6838-768x512.jpg 768w, http://wind-in-den-haaren.de/wp-content/uploads/2018/07/02_UPLOAD_RABATT_NACHBARN_IMG_6838.jpg 1106w" sizes="auto, (max-width: 590px) 100vw, 590px" /></a></strong></span></p>
<p>&nbsp;</p>

<p>Liebe Nachbarn mit unserer Postleitzahl 23564, Sie haben Freunde, Bekannte, Eltern oder Partygäste von außerhalb eingeladen und möchten ihnen eine Unterkunft in privater Atmosphäre zur Verfügung stellen? Wir gewähren Ihnen 10% Rabatt auf den Übernachtungspreis. &#8222;Auf gute Nachbarschaft&#8220; &#8211; Wir freuen uns auf Ihre Anfrage! &nbsp;</p>
