{"id":527,"date":"2012-09-19T19:42:57","date_gmt":"2012-09-19T17:42:57","guid":{"rendered":"http:\/\/wind-in-den-haaren.de\/?page_id=527"},"modified":"2018-07-05T13:07:50","modified_gmt":"2018-07-05T11:07:50","slug":"unterkunft-fur-horgerateakustiker","status":"publish","type":"page","link":"http:\/\/wind-in-den-haaren.de\/?page_id=527","title":{"rendered":"Unterkunft f\u00fcr H\u00f6rger\u00e4teakustiker"},"content":{"rendered":"<p>Unterkunft f\u00fcr H\u00f6rger\u00e4teakustiker<\/p>\n<p>Wer das Internat gegen eine Privatunterkunft tauschen m\u00f6chte, ist bei uns richtig. Wir bieten besondere Preise f\u00fcr den Aufenthalt w\u00e4hrend mehrw\u00f6chiger Schulbl\u00f6cke. Unsere Wohnungen sind f\u00fcr 2-3 Personen geeignet. Preise und Konditionen teilen wir Ihnen gerne auf Anfrage mit.<\/p>\n<p>Das bieten wir:<\/p>\n<ul>\n<li>gepflegte und geschmackvoll eingerichtete Ferienwohnungen<\/li>\n<li>Kochm\u00f6glichkeiten zur Selbstversorgung<\/li>\n<li>geringe Entfernung zum Campus mit dem Auto, dem Rad oder dem Bus<\/li>\n<li>diverse Einkaufsm\u00f6glichkeiten und die Innenstadt ganz in der N\u00e4he<\/li>\n<li>kostenfrei: Waschmaschine und W-LAN<\/li>\n<li>Gartennutzung nach Absprache<\/li>\n<\/ul>\n<p><a href=\"http:\/\/wind-in-den-haaren.de\/wp-content\/uploads\/2018\/06\/IMG_7314.jpg\"><img loading=\"lazy\" decoding=\"async\" class=\"aligncenter size-large wp-image-925\" src=\"http:\/\/wind-in-den-haaren.de\/wp-content\/uploads\/2018\/06\/IMG_7314-683x1024.jpg\" alt=\"\" width=\"590\" height=\"885\" srcset=\"http:\/\/wind-in-den-haaren.de\/wp-content\/uploads\/2018\/06\/IMG_7314-683x1024.jpg 683w, http:\/\/wind-in-den-haaren.de\/wp-content\/uploads\/2018\/06\/IMG_7314-200x300.jpg 200w, http:\/\/wind-in-den-haaren.de\/wp-content\/uploads\/2018\/06\/IMG_7314-768x1152.jpg 768w\" sizes=\"auto, (max-width: 590px) 100vw, 590px\" \/><\/a><\/p>\n<p><a href=\"http:\/\/wind-in-den-haaren.de\/wp-content\/uploads\/2018\/05\/01_IMG_7118.jpg\"><img loading=\"lazy\" decoding=\"async\" class=\"aligncenter size-large wp-image-895\" src=\"http:\/\/wind-in-den-haaren.de\/wp-content\/uploads\/2018\/05\/01_IMG_7118-1024x683.jpg\" alt=\"\" width=\"590\" height=\"394\" srcset=\"http:\/\/wind-in-den-haaren.de\/wp-content\/uploads\/2018\/05\/01_IMG_7118-1024x683.jpg 1024w, http:\/\/wind-in-den-haaren.de\/wp-content\/uploads\/2018\/05\/01_IMG_7118-300x200.jpg 300w, http:\/\/wind-in-den-haaren.de\/wp-content\/uploads\/2018\/05\/01_IMG_7118-768x512.jpg 768w\" sizes=\"auto, (max-width: 590px) 100vw, 590px\" \/><\/a><a href=\"http:\/\/wind-in-den-haaren.de\/wp-content\/uploads\/2018\/05\/02_IMG_6814.jpg\"><img loading=\"lazy\" decoding=\"async\" class=\"aligncenter size-large wp-image-851\" src=\"http:\/\/wind-in-den-haaren.de\/wp-content\/uploads\/2018\/05\/02_IMG_6814-1024x683.jpg\" alt=\"\" width=\"590\" height=\"394\" srcset=\"http:\/\/wind-in-den-haaren.de\/wp-content\/uploads\/2018\/05\/02_IMG_6814-1024x683.jpg 1024w, http:\/\/wind-in-den-haaren.de\/wp-content\/uploads\/2018\/05\/02_IMG_6814-300x200.jpg 300w, http:\/\/wind-in-den-haaren.de\/wp-content\/uploads\/2018\/05\/02_IMG_6814-768x512.jpg 768w\" sizes=\"auto, (max-width: 590px) 100vw, 590px\" \/><\/a><\/p>\n","protected":false},"excerpt":{"rendered":"<p>Unterkunft f\u00fcr H\u00f6rger\u00e4teakustiker Wer das Internat gegen eine Privatunterkunft tauschen m\u00f6chte, ist bei uns richtig. Wir bieten besondere Preise f\u00fcr den Aufenthalt w\u00e4hrend mehrw\u00f6chiger Schulbl\u00f6cke. Unsere Wohnungen sind f\u00fcr 2-3 Personen geeignet. Preise und Konditionen teilen wir Ihnen gerne auf Anfrage mit. Das bieten wir: gepflegte und geschmackvoll eingerichtete Ferienwohnungen Kochm\u00f6glichkeiten zur Selbstversorgung geringe Entfernung zum Campus mit dem Auto, dem Rad oder dem Bus diverse Einkaufsm\u00f6glichkeiten und die Innenstadt ganz in der N\u00e4he kostenfrei: Waschmaschine und W-LAN Gartennutzung nach [&hellip;]<\/p>\n","protected":false},"author":2,"featured_media":0,"parent":87,"menu_order":10,"comment_status":"closed","ping_status":"closed","template":"","meta":{"footnotes":""},"class_list":["post-527","page","type-page","status-publish","hentry"],"_links":{"self":[{"href":"http:\/\/wind-in-den-haaren.de\/index.php?rest_route=\/wp\/v2\/pages\/527","targetHints":{"allow":["GET"]}}],"collection":[{"href":"http:\/\/wind-in-den-haaren.de\/index.php?rest_route=\/wp\/v2\/pages"}],"about":[{"href":"http:\/\/wind-in-den-haaren.de\/index.php?rest_route=\/wp\/v2\/types\/page"}],"author":[{"embeddable":true,"href":"http:\/\/wind-in-den-haaren.de\/index.php?rest_route=\/wp\/v2\/users\/2"}],"replies":[{"embeddable":true,"href":"http:\/\/wind-in-den-haaren.de\/index.php?rest_route=%2Fwp%2Fv2%2Fcomments&post=527"}],"version-history":[{"count":10,"href":"http:\/\/wind-in-den-haaren.de\/index.php?rest_route=\/wp\/v2\/pages\/527\/revisions"}],"predecessor-version":[{"id":958,"href":"http:\/\/wind-in-den-haaren.de\/index.php?rest_route=\/wp\/v2\/pages\/527\/revisions\/958"}],"up":[{"embeddable":true,"href":"http:\/\/wind-in-den-haaren.de\/index.php?rest_route=\/wp\/v2\/pages\/87"}],"wp:attachment":[{"href":"http:\/\/wind-in-den-haaren.de\/index.php?rest_route=%2Fwp%2Fv2%2Fmedia&parent=527"}],"curies":[{"name":"wp","href":"https:\/\/api.w.org\/{rel}","templated":true}]}}

Unterkunft für Hörgeräteakustiker

<p>Unterkunft für Hörgeräteakustiker</p>
<p>Wer das Internat gegen eine Privatunterkunft tauschen möchte, ist bei uns richtig. Wir bieten besondere Preise für den Aufenthalt während mehrwöchiger Schulblöcke. Unsere Wohnungen sind für 2-3 Personen geeignet. Preise und Konditionen teilen wir Ihnen gerne auf Anfrage mit.</p>
<p>Das bieten wir:</p>
<ul>
<li>gepflegte und geschmackvoll eingerichtete Ferienwohnungen</li>
<li>Kochmöglichkeiten zur Selbstversorgung</li>
<li>geringe Entfernung zum Campus mit dem Auto, dem Rad oder dem Bus</li>
<li>diverse Einkaufsmöglichkeiten und die Innenstadt ganz in der Nähe</li>
<li>kostenfrei: Waschmaschine und W-LAN</li>
<li>Gartennutzung nach Absprache</li>
</ul>
<p><a href="http://wind-in-den-haaren.de/wp-content/uploads/2018/06/IMG_7314.jpg"><img loading="lazy" decoding="async" class="aligncenter size-large wp-image-925" src="http://wind-in-den-haaren.de/wp-content/uploads/2018/06/IMG_7314-683x1024.jpg" alt="" width="590" height="885" srcset="http://wind-in-den-haaren.de/wp-content/uploads/2018/06/IMG_7314-683x1024.jpg 683w, http://wind-in-den-haaren.de/wp-content/uploads/2018/06/IMG_7314-200x300.jpg 200w, http://wind-in-den-haaren.de/wp-content/uploads/2018/06/IMG_7314-768x1152.jpg 768w" sizes="auto, (max-width: 590px) 100vw, 590px" /></a></p>
<p><a href="http://wind-in-den-haaren.de/wp-content/uploads/2018/05/01_IMG_7118.jpg"><img loading="lazy" decoding="async" class="aligncenter size-large wp-image-895" src="http://wind-in-den-haaren.de/wp-content/uploads/2018/05/01_IMG_7118-1024x683.jpg" alt="" width="590" height="394" srcset="http://wind-in-den-haaren.de/wp-content/uploads/2018/05/01_IMG_7118-1024x683.jpg 1024w, http://wind-in-den-haaren.de/wp-content/uploads/2018/05/01_IMG_7118-300x200.jpg 300w, http://wind-in-den-haaren.de/wp-content/uploads/2018/05/01_IMG_7118-768x512.jpg 768w" sizes="auto, (max-width: 590px) 100vw, 590px" /></a><a href="http://wind-in-den-haaren.de/wp-content/uploads/2018/05/02_IMG_6814.jpg"><img loading="lazy" decoding="async" class="aligncenter size-large wp-image-851" src="http://wind-in-den-haaren.de/wp-content/uploads/2018/05/02_IMG_6814-1024x683.jpg" alt="" width="590" height="394" srcset="http://wind-in-den-haaren.de/wp-content/uploads/2018/05/02_IMG_6814-1024x683.jpg 1024w, http://wind-in-den-haaren.de/wp-content/uploads/2018/05/02_IMG_6814-300x200.jpg 300w, http://wind-in-den-haaren.de/wp-content/uploads/2018/05/02_IMG_6814-768x512.jpg 768w" sizes="auto, (max-width: 590px) 100vw, 590px" /></a></p>

<p>Unterkunft für Hörgeräteakustiker Wer das Internat gegen eine Privatunterkunft tauschen möchte, ist bei uns richtig. Wir bieten besondere Preise für den Aufenthalt während mehrwöchiger Schulblöcke. Unsere Wohnungen sind für 2-3 Personen geeignet. Preise und Konditionen teilen wir Ihnen gerne auf Anfrage mit. Das bieten wir: gepflegte und geschmackvoll eingerichtete Ferienwohnungen Kochmöglichkeiten zur Selbstversorgung geringe Entfernung zum Campus mit dem Auto, dem Rad oder dem Bus diverse Einkaufsmöglichkeiten und die Innenstadt ganz in der Nähe kostenfrei: Waschmaschine und W-LAN Gartennutzung nach [&hellip;]</p>
